e -k*o - 4 = -29. Suppose 0 = -o*y + 68 + 67. What are the prime factors of y?
3
Let v(n) = -n**3 - 3*n**2 + 3. Let d(f) = 4*f - 5*f - 2 - 8 + 1. Let r be d(-5). List the prime factors of v(r).
19
Let s(x) = -2*x + 5 + 4 - 2*x - 4*x**2 + 3*x**2. Let w be s(-5). Suppose 56 = w*q - m, -4*q + 38 = -5*m - 18. What are the prime factors of q?
2, 7
Let f(o) = -3*o**3 - 2*o**2 - 12*o - 2. Let r(v) = -4*v**3 - 2*v**2 - 13*v - 3. Let z(w) = 5*f(w) - 4*r(w). List the prime factors of z(4).
2
Let v(j) = -2*j**2 - 15*j + 16. Let f be v(-12). Suppose 0 = 8*x + 196 + 308. Let p = x - f. What are the prime factors of p?
29
Let m = 326 + -349. Let v be 2/4 + (-73)/(-2). Let g = m + v. List the prime factors of g.
2, 7
Suppose -387*d + 356 = -383*d. List the prime factors of d.
89
Let r(t) = 161*t**2. Suppose -160*s + 155*s = -5. List the prime factors of r(s).
7, 23
Let r = -945 + 1366. List the prime factors of r.
421
Let w = -92 + 5. Let h = w + 131. List the prime factors of h.
2, 11
Suppose t + 5*m - 4 - 13 = 0, -2*t - 2*m = -10. Suppose 18 + 31 = 7*o. Suppose k - 52 = -o*r + 2*r, t*r = 4*k - 120. List the prime factors of k.
2
Let p(j) = -j**2. Let m(l) = 2*l**2 + 4*l - 19. Let a(n) = -m(n) - 3*p(n). List the prime factors of a(-8).
5, 23
Suppose 0 = -4*l - 3*z - z, -5*l = -3*z - 16. Suppose 3*h - l*h = 4. Suppose -x = b - 42 + 17, -b = -h. What are the prime factors of x?
3, 7
Suppose -27*x + 22*x + 325 = 0. Suppose 6*n + x = 11*n. What are the prime factors of n?
13
Suppose 0 = -7*t + 3*t + b + 1793, -4*t = -2*b - 1790. What are the prime factors of t?
449
Suppose 2*y - 18 = -3*y - 2*z, -4*y = -z - 17. Suppose i = -3*i - 16, -424 = -y*u + 3*i. List the prime factors of (-4)/8 + u/2.
3, 17
Let y be (-2)/3 + (-40)/12. Let i be -63 - (-8)/(-2 - 2). What are the prime factors of (-3)/12 + i/y?
2
Let n = 8 + -10. Let h(a) = a + 2. Let b be h(-8). List the prime factors of 2/n - (-13 + b).
2, 3
What are the prime factors of (12*(-2)/(-9))/(26/6201)?
2, 3, 53
What are the prime factors of (0 + 2)/((-48)/(-34056))?
3, 11, 43
Let k(t) = t**3 - 9*t**2 + 9*t - 3. Let c = -5 - -13. Let d be k(c). Suppose -d*y + 5*m = -10, 2*m - 6*m = -4. What are the prime factors of y?
3
Let a(s) = s**2 + 11*s + 17. Let u be a(-10). Suppose -13*i = -u*i - 744. What are the prime factors of i?
2, 31
Suppose -j + 0*r = 3*r - 236, -5*j + 1180 = 4*r. What are the prime factors of j?
2, 59
Suppose 26 = -4*w + 6*w. Suppose 3*a + w = 202. What are the prime factors of a?
3, 7
Let t be 2 + (-4 + 4)/(0 + -1). Suppose t*r - 77 = -5*j, 3*r - 96 = -0*r - j. List the prime factors of r.
31
Let s(r) = 24*r**2 + 4*r + 8. What are the prime factors of s(-3)?
2, 53
List the prime factors of 103 - ((-12)/3 - (-1 + 0)).
2, 53
Let f(u) = -u**3 + 31*u**2 - 73*u + 107. What are the prime factors of f(28)?
5, 83
Suppose -18*f + 3*f + 7575 = 0. What are the prime factors of f?
5, 101
Let y(l) = 2*l**2 + 40*l + 283. What are the prime factors of y(-27)?
661
Let k be -1*(4 + -11) - 1. Suppose -k = -2*v + 14. What are the prime factors of v?
2, 5
Suppose 2*d - 4*d = 0. Let k(t) = -t**3 + t**2 + 2*t + 18. Let m be k(d). Suppose 4*j + m = 6*j. List the prime factors of j.
3
Let y(b) = 151*b + 10. Let m(f) = 76*f + 6. Let h(q) = 7*m(q) - 3*y(q). List the prime factors of h(2).
2, 5, 17
Let k(f) = -3*f + 35*f**2 + 12 - 6 - 2 - 2. Let t be k(2). Let a = 193 - t. List the prime factors of a.
3, 19
List the prime factors of 2 - -534 - (-64)/(-16).
2, 7, 19
Suppose 6190 = 5*u - 5*m, -3*u = 5*m - 4*m - 3702. What are the prime factors of u?
5, 13, 19
Let v be (5/((-10)/42))/(9/(-6)). Let n = 47 + v. What are the prime factors of n?
61
Let y(w) = -4*w + 8*w + 27 + 31. What are the prime factors of y(0)?
2, 29
Suppose 0 = -329*z + 322*z + 8078. List the prime factors of z.
2, 577
Let s(u) be the first derivative of 3*u**3 + 2*u + 10 + 1/4*u**4 + 4*u**2. What are the prime factors of s(-8)?
2
Suppose 154*z - 160*z - 462 = 0. List the prime factors of (-8 - z/14)/(2/(-76)).
5, 19
Suppose -5*j = 25, -2*b = -5*b + 2*j + 16. Let u(p) = p**3 - 5*p**2 - 2*p - 3. Let z be u(6). Let r = z + b. What are the prime factors of r?
23
Suppose 33 = 3*l - 78. Suppose -f + 2*x = -6*f - 79, 4*x = 3*f + l. Let q = f - -25. What are the prime factors of q?
2, 5
Suppose 2*m = 2*y + 48, 5*m - 3*y = 154 - 34. List the prime factors of (-512)/(-6) - m/(-36).
2, 43
Let h(w) be the third derivative of 1/12*w**4 - 4*w**2 + 0*w + 0 + 2/3*w**3. What are the prime factors of h(6)?
2
Suppose -17*j + 87 - 461 = 0. Let z(r) = r**2 + 17*r + 28. List the prime factors of z(j).
2, 3, 23
List the prime factors of 9/(10/(-4) + 134113/53590).
3, 5, 233
Let a(q) be the first derivative of -172*q**2 - 10*q + 10. List the prime factors of a(-1).
2, 167
Let w = -129 + 134. Suppose -196 + 606 = w*u. What are the prime factors of u?
2, 41
Let x = -26 - -4502. What are the prime factors of x/66 - 2/(-11)?
2, 17
Let y = 47 - -627. What are the prime factors of y?
2, 337
Let n = 1203 + -746. Let i = n - 244. List the prime factors of i.
3, 71
Let x be 69/(-12)*((4 - 7) + -1). Suppose 0 = -2*a - 6*d + 2*d, 0 = 4*a - 5*d - 65. Suppose s - x = -a. List the prime factors of s.
13
Let j = 3680 + -2281. List the prime factors of j.
1399
Suppose 47*o - 24516 = 35268. List the prime factors of o.
2, 3, 53
Suppose -288 = -4*u + 416. Suppose 0*n - u = -4*n. What are the prime factors of n?
2, 11
Suppose -2*v + 21 + 29 = 0. Let g(u) = 5*u + 104. Let b be g(-19). Let h = v + b. List the prime factors of h.
2, 17
Let m = 4 - -1. Let p = -9 + 85. Suppose -m*c = -c - p. What are the prime factors of c?
19
List the prime factors of -6 + 729 + 7*(5 - 6).
2, 179
Suppose 3*l + 3 = 0, 0 = -0*m + m + 5*l. Suppose -m = a - 2*a. Suppose -5 = -t + a. What are the prime factors of t?
2, 5
Suppose 0 = 4*x + 4*c + 168, -4*x - 67 - 98 = 3*c. List the prime factors of 416/x*3/(-2).
2
Let t = -19 + 23. Suppose -s - 4*s - 2*l = -315, 265 = t*s - l. What are the prime factors of s?
5, 13
Suppose h + 63 = 2*j, 4*h + 2*j = -50 - 182. Let y = h - -26. List the prime factors of (-12)/(-66) + (-1050)/y.
2
Suppose -2*a - 3*a = -35. Let k be ((-48)/42)/((-2)/a). What are the prime factors of 214/8 - (-1)/k?
3
Let d = 2192 - 1561. What are the prime factors of d?
631
Suppose 4*v = -5*q + 5*v + 3555, 2120 = 3*q + 2*v. What are the prime factors of q?
2, 5, 71
Let x = -28 - -251. What are the prime factors of x?
223
Suppose -977 = -2*k - 171. What are the prime factors of k?
13, 31
Suppose 26 + 2 = 7*h. Suppose -5*s + 26 = -h. List the prime factors of s.
2, 3
Let p(o) = 5*o**2 - o + 6. Let f(l) = 20*l**2 - 3*l + 24. Let n(r) = -6*f(r) + 22*p(r). Let w be n(-10). What are the prime factors of (-6)/(-8) - w/48?
3, 7
Let v = 277 - -936. List the prime factors of v.
1213
List the prime factors of ((-12)/(-15) + (-6)/20)*158.
79
Let w = -3002 + 5391. What are the prime factors of w?
2389
Let g be (2 - (-4)/(-3))/((-13)/1443). Let q = 87 + g. List the prime factors of q.
13
Suppose 0 = -9*r + 12*r + 60. List the prime factors of (462/(-44))/(1/r).
2, 3, 5, 7
Suppose 0 = -q + 5*h + 26, -64 - 6 = -5*q - 5*h. Let d(p) = 9*p + 18. List the prime factors of d(q).
2, 3
Let v = 49 - -8. Let q = v - 52. What are the prime factors of q?
5
Let p = -23 - -28. Suppose -i + 39 = 5*c, p*c = -i + 2*c + 41. What are the prime factors of i?
2, 11
What are the prime factors of 10*(-1400)/(-16) + 6?
881
Let s be ((-6)/(-12))/((-1)/6). Let a(x) be the second derivative of x**5/20 + x**4/4 - x**3/3 - x**2/2 - 2*x. List the prime factors of a(s).
5
Let t(s) = 3*s - 2. Let i be t(1). List the prime factors of (1 - (-7)/i)/((-48)/(-72)).
2, 3
Suppose -5*u - 2 + 13 = f, 0 = 3*u - f - 5. Suppose u*o - 102 = 8*o. Let i = o - -29. What are the prime factors of i?
2, 3
Let w(n) = 14*n**2 - n. Let i = -16 - -18. What are the prime factors of w(i)?
2, 3
Let c(i) = 284*i - 221. What are the prime factors of c(8)?
7, 293
Suppose -3*k = 3*i - 252, 0*k - 257 = -3*k - 4*i. List the prime factors of k.
79
Let n(y) = y**2 - 6*y - 25. Let u be n(-3). Suppose 4*s + u*g = 3*g + 964, 5*s = 3*g + 1212. List the prime factors of s.
2, 3, 5
Let q(o) = -17*o - 34. What are the prime factors of q(-14)?
2, 3, 17
Let a = 177 + -24. List the prime factors